{"version":"1.0","provider_name":"Sa Gavina Apartaments","provider_url":"https:\/\/sagavinaestartit.com\/fr\/","author_name":"tecnico_alojapro","author_url":"https:\/\/sagavinaestartit.com\/fr\/author\/tecnico_alojapro\/","title":"Nos appartements de location sont sur Facebook | Sa Gavina Apartaments","type":"rich","width":600,"height":338,"html":"<blockquote class=\"wp-embedded-content\" data-secret=\"80y0JoHwYc\"><a href=\"https:\/\/sagavinaestartit.com\/fr\/nos-appartements-de-location-sont-sur-facebook\/\">Nos appartements de location sont sur Facebook<\/a><\/blockquote><iframe sandbox=\"allow-scripts\" security=\"restricted\" src=\"https:\/\/sagavinaestartit.com\/fr\/nos-appartements-de-location-sont-sur-facebook\/embed\/#?secret=80y0JoHwYc\" width=\"600\" height=\"338\" title=\"\u00ab\u00a0Nos appartements de location sont sur Facebook\u00a0\u00bb &#8212; Sa Gavina Apartaments\" data-secret=\"80y0JoHwYc\" frameborder=\"0\" marginwidth=\"0\" marginheight=\"0\" scrolling=\"no\" class=\"wp-embedded-content\"><\/iframe><script type=\"text\/javascript\">\n\/* <![CDATA[ *\/\n\/*! This file is auto-generated *\/\n!function(d,l){\"use strict\";l.querySelector&&d.addEventListener&&\"undefined\"!=typeof URL&&(d.wp=d.wp||{},d.wp.receiveEmbedMessage||(d.wp.receiveEmbedMessage=function(e){var t=e.data;if((t||t.secret||t.message||t.value)&&!\/[^a-zA-Z0-9]\/.test(t.secret)){for(var s,r,n,a=l.querySelectorAll('iframe[data-secret=\"'+t.secret+'\"]'),o=l.querySelectorAll('blockquote[data-secret=\"'+t.secret+'\"]'),c=new RegExp(\"^https?:$\",\"i\"),i=0;i<o.length;i++)o[i].style.display=\"none\";for(i=0;i<a.length;i++)s=a[i],e.source===s.contentWindow&&(s.removeAttribute(\"style\"),\"height\"===t.message?(1e3<(r=parseInt(t.value,10))?r=1e3:~~r<200&&(r=200),s.height=r):\"link\"===t.message&&(r=new URL(s.getAttribute(\"src\")),n=new URL(t.value),c.test(n.protocol))&&n.host===r.host&&l.activeElement===s&&(d.top.location.href=t.value))}},d.addEventListener(\"message\",d.wp.receiveEmbedMessage,!1),l.addEventListener(\"DOMContentLoaded\",function(){for(var e,t,s=l.querySelectorAll(\"iframe.wp-embedded-content\"),r=0;r<s.length;r++)(t=(e=s[r]).getAttribute(\"data-secret\"))||(t=Math.random().toString(36).substring(2,12),e.src+=\"#?secret=\"+t,e.setAttribute(\"data-secret\",t)),e.contentWindow.postMessage({message:\"ready\",secret:t},\"*\")},!1)))}(window,document);\n\/\/# sourceURL=https:\/\/sagavinaestartit.com\/wp-includes\/js\/wp-embed.min.js\n\/* ]]> *\/\n<\/script>\n","thumbnail_url":"https:\/\/sagavinaestartit.com\/wp-content\/uploads\/2018\/04\/large_facebook.jpg","thumbnail_width":335,"thumbnail_height":235,"description":"Jusqu&rsquo;\u00e0 la date d&rsquo;aujourd&rsquo;hui, nous avons 1.200 fans de nos\u00a0appartements de location \u00e0 l\u2019Estartit, qui restent en contact avec nous par la page officielle de les\u00a0Appartements Sa Gavina\u00a0\u00e0 Facebook. Sur Facebook, nous vous informons des activit\u00e9s les plus populaires, \u00e0 [...]"}

Jusqu&rsquo;à la date d&rsquo;aujourd&rsquo;hui, nous avons 1.200 fans de nos appartements de location à l’Estartit, qui restent en contact avec nous par la page officielle de les Appartements Sa Gavina à Facebook. Sur Facebook, nous vous informons des activités les plus populaires, à [...]
